common factor of 179800 and 6525.
725
What is the greatest common divisor of 4 and 7082156?
4
What is the highest common factor of 6192 and 4176?
144
Calculate the greatest common factor of 52894 and 106.
106
What is the greatest common divisor of 5019 and 620922?
717
What is the highest common divisor of 6 and 1215249?
3
Calculate the highest common factor of 900136 and 1184.
296
Calculate the highest common factor of 1913 and 4.
1
What is the highest common factor of 204 and 126276?
204
Calculate the highest common divisor of 2238 and 264.
6
Calculate the highest common factor of 7 and 941899.
7
Calculate the highest common divisor of 18000 and 170.
10
Calculate the greatest common divisor of 18 and 2798.
2
Calculate the greatest common divisor of 128 and 28442.
2
Calculate the greatest common divisor of 1149846 and 204.
102
Calculate the greatest common factor of 6004 and 14536.
316
What is the highest common divisor of 443700 and 144?
36
What is the highest common factor of 2014075 and 35?
35
Calculate the highest common divisor of 2386108 and 904.
452
Calculate the highest common factor of 63394 and 1769.
29
Calculate the greatest common divisor of 801910 and 10.
10
Calculate the greatest common divisor of 1756608 and 2352.
336
Calculate the highest common factor of 129648 and 78.
6
What is the greatest common divisor of 585 and 106665?
195
What is the greatest common factor of 420242 and 76?
38
Calculate the greatest common divisor of 1241 and 2771.
17
What is the highest common factor of 912 and 4728?
24
Calculate the greatest common factor of 1750 and 20650.
350
Calculate the highest common divisor of 3306 and 19285.
551
Calculate the greatest common factor of 252907 and 47.
47
What is the greatest common divisor of 171096 and 24?
24
What is the highest common factor of 33 and 122727?
33
Calculate the highest common factor of 654 and 393.
3
What is the highest common factor of 2885 and 2645?
5
Calculate the greatest common divisor of 546104 and 472.
472
Calculate the greatest common factor of 257576 and 528.
88
What is the highest common factor of 188718 and 443?
443
Calculate the greatest common factor of 1693102 and 2517.
839
What is the greatest common factor of 170 and 18955?
85
What is the highest common factor of 29976 and 264?
24
Calculate the highest common factor of 14625 and 5265.
585
Calculate the highest common divisor of 437382 and 242.
22
What is the greatest common divisor of 2340 and 250?
10
What is the highest common factor of 60 and 39740?
20
Calculate the greatest common divisor of 621 and 2810439.
207
What is the highest common divisor of 960 and 42080?
160
What is the greatest common divisor of 1034 and 3718?
22
Calculate the greatest common divisor of 7494 and 984.
6
What is the greatest common divisor of 471 and 30929?
157
What is the highest common factor of 1214314 and 2?
2
Calculate the highest common divisor of 29 and 6821003.
29
What is the greatest common factor of 8910 and 34236?
54
What is the greatest common divisor of 714385 and 10?
5
What is the greatest common factor of 14162 and 36646?
146
What is the greatest common divisor of 1939 and 165369?
277
Calculate the greatest common divisor of 1252860 and 133.
133
Calculate the highest common divisor of 4332069 and 189.
189
What is the greatest common divisor of 272976 and 102?
6
What is the greatest common factor of 53792 and 146944?
1312
Calculate the greatest common factor of 10 and 274726.
2
Calculate the greatest common factor of 105600 and 20460.
660
What is the highest common factor of 6045 and 27?
3
Calculate the highest common divisor of 3174 and 152881.
529
Calculate the greatest common divisor of 2090 and 10142.
22
Calculate the highest common divisor of 1339 and 637.
13
Calculate the highest common factor of 27 and 1479213.
9
What is the highest common factor of 15870 and 16514?
46
Calculate the greatest common divisor of 8 and 1753.
1
What is the highest common divisor of 27 and 2539188?
27
Calculate the highest common factor of 42 and 75054.
42
What is the greatest common factor of 16466 and 4?
2
What is the greatest common factor of 1188 and 5925348?
396
What is the greatest common factor of 4040 and 292395?
505
What is the highest common divisor of 301 and 56674?
43
Calculate the greatest common divisor of 512 and 107136.
128
What is the greatest common factor of 7992 and 432?
216
What is the greatest common divisor of 594 and 9218?
22
Calculate the highest common factor of 1638 and 12194.
182
Calculate the highest common divisor of 6240825 and 225.
225
What is the greatest common divisor of 240858 and 12?
6
What is the greatest common factor of 2320 and 215615?
145
What is the highest common divisor of 8339 and 15333?
269
Calculate the highest common factor of 2365 and 129.
43
What is the greatest common divisor of 34228 and 129?
43
Calculate the highest common divisor of 43749 and 144.
9
What is the greatest common factor of 1552452 and 33?
33
What is the highest common factor of 1016702 and 867?
289
Calculate the highest common factor of 3287640 and 240.
120
Calculate the greatest common factor of 1026 and 19818.
54
Calculate the highest common divisor of 373444 and 4628.
356
Calculate the highest common factor of 45920 and 111356.
1148
Calculate the highest common factor of 2425 and 10961.
97
What is the greatest common divisor of 824111 and 813?
271
Calculate the highest common factor of 1000 and 104200.
200
Calculate the highest common divisor of 88 and 1507.
11
What is the highest common divisor of 47401 and 4601?
107
Calculate the highest common divisor of 28 and 67.
1
Calculate the greatest common factor of 4 and 239968.
4
Calculate the greatest common divisor of 3320 and 1240.
40
Calculate the greatest common factor of 30 and 4209990.
30
What is the greatest common factor of 9963 and 4797?
369
What is the greatest common factor of 285 and 133437?
57
What is the highest common factor of 229810 and 2680?
670
Calculate the greatest common factor of 7 and 8988.
7
Calculate the greatest common divisor of 470 and 191525.
235
What is the greatest common factor of 10941 and 231?
21
Calculate the highest common divisor of 6603 and 744.
93
What is the greatest common divisor of 123 and 13079?
41
What is the greatest common factor of 136 and 43832?
8
Calculate the highest common factor of 432 and 27.
27
What is the highest common divisor of 1114773 and 35607?
2739
Calculate the highest common divisor of 1143 and 257937.
381
Calculate the highest common divisor of 127860 and 90.
30
Calculate the greatest common factor of 122920 and 1190.
70
Calculate the highest common factor of 198730 and 51.
17
What is the greatest common divisor of 39 and 3737383?
13
Calculate the greatest common divisor of 20 and 45482.
2
Calculate the greatest common divisor of 184 and 259302.
46
What is the highest common factor of 51086 and 161?
7
What is the highest common divisor of 107640 and 104?
104
Calculate the greatest common divisor of 2178188 and 1220.
244
What is the greatest common factor of 2496 and 2808?
312
What is the highest common factor of 496 and 300700?
124
What is the highest common factor of 39236 and 2924?
68
Calculate the greatest common factor of 56457 and 6426.
459
What is the greatest common factor of 385 and 498124?
11
What is the highest common divisor of 351 and 13122?
27
Calculate the highest common factor of 3370 and 120.
10
What is the greatest common divisor of 468 and 175188?
156
What is the highest common factor of 3942 and 21900?
438
What is the greatest common divisor of 322773 and 66?
33
Calculate the highest common divisor of 3536 and 65.
13
Calculate the highest common divisor of 35 and 93905.
35
Calculate the highest common divisor of 21015 and 945.
45
What is the highest common factor of 828 and 15019?
23
What is the greatest common factor of 1463 and 56441?
77
Calculate the highest common factor of 609 and 130239.
87
What is the highest common divisor of 56415 and 105?
15
Calculate the greatest common divisor of 357 and 2810661.
357
What is the greatest common factor of 31988 and 88?
44
Calculate the highest common factor of 276 and 3863172.
276
What is the highest common divisor of 15687 and 6867?
63
Calculate the gre